1 + -163 + (332 - 196).
-16
Evaluate -2 + (-6 - (24 - 46)) + -112 + 24.
-74
(8 - (-76 + -14)) + -29
69
What is the value of -53 - (-108 - 16) - 30?
41
Calculate 14 + (-228 - -205) + 14 + 0.
5
Calculate (-9 + -35 + 19 - -33) + -4 + 77 + -3.
78
What is (2 - (-39 + 33) - 40) + 2 + 0 + -4?
-34
What is the value of 7 + 2 - (-13 - (5 - (18 + -4)))?
13
Evaluate -112 - (22 + -3 + -7 + -46).
-78
What is 13 + 24 + -42 + (6 - 7)?
-6
What is 127 - 103 - (-6 - 6)?
36
Evaluate (-1 - (3 - 1 - -78)) + (-4088 - -4088).
-81
What is the value of 29 - 26 - -26 - (2 + -2 + -11)?
40
What is the value of -1 + 24 + (-138 + 169 - 24)?
30
0 - 5 - (-163 + 180) - -64
42
What is the value of (8 + 6 - -9 - 3) + -9?
11
Calculate -8 + 9 + -30 + 97 + (-17 - -5).
56
Calculate (-3 - (4 + -4)) + (43 - (-4 + 2 + 9)).
33
Evaluate 5 - 1 - (-27 - (96 - 87)).
40
What is the value of 398 - 456 - (-13 + 8 - 1)?
-52
What is (-1 - -14) + 44 + -31 + -66?
-40
What is (65 - (-2 - -8 - 1)) + (8 - 9)?
59
What is -36 - (-48 + 15) - ((21 - 1) + 10 + -8)?
-25
-24 - (42 - 49 - 6)
-11
What is the value of -100 + (-24 - (-20 - -6)) + (9 - -13)?
-88
What is the value of (-35 - -26) + -220 + 124?
-105
What is the value of 79 - (6 - (2 + 0)) - (60 + -94 + 43)?
66
What is the value of -9 + 83 + (-8 - 10) + 4?
60
Calculate (50 - 57) + 58 + -41.
10
118 + 23 - (-65 + 147)
59
What is the value of 126 - (70 + -4) - 5?
55
What is -23 - (-9 + -37 - 23) - (0 + -4)?
50
10 + (-104 - (-39 - (-25 - -13)))
-67
Evaluate 5 - 1 - (49 + 12 + (-32 - -16)).
-41
Evaluate 54 - 42 - 98 - -147.
61
Calculate -77 + 1 + 1572 + -1507.
-11
Evaluate 0 - -45 - (-277 - (-357 - -111)).
76
What is the value of (64 - 133) + 175 - 157?
-51
What is the value of -41 - (-2 - 71 - -51)?
-19
Evaluate -15 + 1 + (-232 - -232) + -4 + -22.
-40
Calculate (-657 + 311 - -325) + (1 - 83).
-103
What is the value of (81 - 77) + (-2 - 0) + -3 + 9?
8
Calculate -3215 + 3223 - ((10 - 6) + (-48 - 1)).
53
What is 55 + (6 - 5) + -51?
5
Evaluate 13 + 5 + -25 - -11 - 9 - (-21 - 1).
17
What is the value of 0 + (3 - -17 - (-8 - 6 - -25)) + -8?
1
120 + -40 + 113 + -161
32
What is -3 + (17 - (7 - -12)) - (-10 + 5 - 70)?
70
What is the value of 13 + -16 + -2 + -11 + 29 + -26 + -6?
-19
Calculate (-19 - (-24 - -28)) + 18 - (-17 - (2 - 2)).
12
Evaluate 145 - (31 - -5) - 64.
45
What is the value of 10 + -10 + 5 + 13?
18
Calculate (-5180 - -5197) + -1 + -3.
13
Evaluate -111 - (8 - (-61 - -138)) - (10 - (-2 + 1)).
-53
Evaluate -237 + 174 + 20 - (-2 - 58).
17
Calculate 6 - (-3 + (-59 - (-24 + 11)) + (0 - 8)).
63
What is the value of 29 - 3 - (-339 + 407)?
-42
Evaluate -4 - (5 - (5 + 5)) - (-29 - -62).
-32
Evaluate 5 + 10 - (-35 - -31 - 15).
34
What is (8 - -66 - -44) + -13?
105
Calculate (-9 - (-18 - -4)) + (-2 + -1 - (-56 + 7)).
51
What is the value of (1 - -8) + -9 - ((31 - (10 - 1)) + -10)?
-12
What is the value of -2 - (-1 + -10 + 61 + (7 - 13))?
-46
What is the value of -92 + (198 - 80) - (-2 + -4 - 0)?
32
Evaluate 16 + (216 - 207 - (-18 + -3)).
46
Calculate -737 - -787 - (-62 - -8).
104
What is the value of -11 + (5 - 37 - -25) - -46?
28
-15 + -10 + 18 + -3 + 0 - (-16 + 21)
-15
Evaluate 16 - ((1 - 2 - (-31 + 37)) + -2) - 2.
23
What is the value of (44 - -5) + -58 + 77 + -39?
29
46 - (-2 + 1 + 2 - (-1809 - -1802) - -4)
34
What is -97 + 33 + 50 + -33?
-47
Evaluate 22 + (1 - 21 - (-316 - -277)).
41
-25 - ((-20 + 146 - 126) + (2 + 0 - -1))
-28
What is 37 - (19 - 8) - 45?
-19
What is the value of -116 + 200 + -39 + (-1 - 12)?
32
What is -69 - -51 - -25 - 47?
-40
Calculate 22 + -102 + 46 + (-5 - (-9 - 3)) + -5.
-32
What is -3 + 97 + -676 + 619?
37
(-3 - (-8 - 48)) + -25
28
Evaluate (5 - (4 - 3)) + 55 + (-2 - -6) + -7.
56
122 - 31 - 24 - (3 + 0 + 11)
53
Calculate 59 - (14 + (-73 - -85)).
33
What is (4 - -2) + (-6 - -8 - 1) - 34?
-27
What is the value of -24 - -41 - (259 - 191)?
-51
What is 15 + (4 - 7) - (11 + -16 - -16)?
1
9 + (33 + -14 - 8) - 27
-7
What is (1002 - 1021) + (-16 - 1)?
-36
Evaluate (0 - -17) + (16 - 27) + -72 + (2 - 0).
-64
What is the value of (-20 - ((2 - 0) + -11)) + -5 + (2 - 7)?
-21
What is the value of -7 - (43 - ((2 - -10) + 2) - -3)?
-39
What is -36 + 28 + 23 - -28?
43
-7 + 18 + (-3 - -6) + 6 + -35
-15
Calculate -5 + (-6 + 10 - -8) + (15 - 19).
3
Evaluate (31 - -29) + -5 - (20 + -40).
75
Evaluate 115 + (-15 + 23 - 7).
116
Evaluate (15 - -8) + 1 - (-7 - 16).
47
Evaluate (-2 - 33) + (563 - 484).
44
-32 - ((-23 - 11) + -39)
41
7 - (-26 - (-3 - 5) - (22 - (3 + 9)))
35
Calculate (20 + (-31 - -18) - 0) + 2.
9
What is the value of (2 - -71) + (-344 - -340) + -2 + 30?
97
Calculate -1 - 3 - (-24 + 3 + 18).
-1
What is the value of -6 + (27 - (15 + -11)) - 6?
11
Evaluate 92 + 1 - (-3008 - -3155).
-54
Calculate 22 - 2 - (37 - (-16 - 35)).
-68
Evaluate -22 - (-57 - (-24 - (9 - -7 - 45))).
40
Evaluate (4 - 16) + 18 - (-2 + (-4 - -33) + -2).
-19
Calculate -45 + 0 - (44 - (-3 + 22 - -12)).
-58
What is 8 + 48 - (7 + -6 - 1) - 13?
43
What is the value of -9 + (4 + -18 - (-109 - -132))?
-46
Evaluate -46 - -37 - (66 + -129).
54
Calculate 0 - -17 - (1786 + -1752).
-17
What is the value of 74 + -68 + (-8 - (-3 - -4))?
-3
What is (3 - 26) + (133 - 166) + 16?
-40
What is (-4 - (-3 - -2)) + (190 - 198) - 38?
-49
Calculate (1 - 2) + 121 - (-1278 + 1319).
79
What is (-48 - 0) + 1 - -61?
14
What is (-64 + 65 - 34) + 31?
-2
Evaluate -6 - (-5 + 6) - (171 + -140).
-38
-41 + (-10 - (-18 + 9 + -1)) - 3
-44
What is the value of (14 - 0) + (-127 + 85 - -41) + 30?
43
What is the value of 6 + -4 - (361 - 389)?
30
0 - ((27 - 29 - 0) + (-1 - 47) + -3)
53
Calculate -4 + (6 - (3 - -1)) + -20 + -12.
-34
What is (6 + -11 - (8 - (-3 - -68))) + 5?
57
9 + (-17 + 22 + -9 - 36)
-31
Evaluate -7 + -3 + -1 + 10 + (-22 - (1 + 2)).
-26
Evaluate (-54 - ((3 - -15) + -7 + 0)) + 4.
-61
What is the value of 152 - (0 + -16 - (25 + -5 + (4 - 44)))?
148
What is 9 + -31 - -12 - (29 + -15)?
-24
What is the value of -1 + (-2 - 18) - (916 + -941)?
4
What is the value of 24 + (14 - (24 - 18 - -10))?
22
What is the value of (8 - 70) + (67 - -22)?
27
Calculate -1 - -5 - (871 - 894).
27
(27 - (6 - (4 - 16))) + -1 + -2 + -3
3
What is the value of 2 - 34 - (-167 - -191) - -20?
-36
Evaluate -56 - ((-22 - -21) + 3 + 8).
-66
Evaluate (-3 - -1) + -52 - (-64 + (49 - 20) + 25).
-44
Calculate 65 - (-237 - -64) - 126.
112
What is the value of (118 - -1) + -520 + 588 + -4 + -81?
102
Calculate 1 - (-3 - 1 - (-70 - -73)) - -57.
65
What is the value of -53 + 26 + 45 - -19?
37
What is (55 - 20 - 20 - 36) + 14?
-7
What is the value of 15 - -1 - (-5056 + 5047)?
25
What is the value of -81 - (-53 - -64 - (-6 - (-4 + (-6 - 7))))?
-81
Calculate 88 - 10 - (-45 - -86).
37
Evaluate -5 + -133 + 44 + 223.
129
What is 0 - -6 - (-27 + -38 + (-45 - -108))?
8
Calculate ((-1 - -2) + 98 - (-3399 - -3388)) + -8 - 9.
93
What is (15 - (-96 + 92) - (1 + 0 + 13)) + 86?
91
What is 17 + (20 - 208) + 103?
-68
Calculate -2 - (-9 - -5 - (7 + -17 - -2)).
-6
What is -30 + (-44 - ((46 - 28) + -27))?
-65
Calculate (1 - -4 - ((20 - (-97 - -27)) + -18)) + -1.
-68
What is the value of -137 - -123 - (54 + (0 - (5 - 12)))?
-75
What is (-42 - 8) + -14 + (1 - -12) - (4 - -1)?
-56
What is the value of (-3 - 66 - 2) + 44 + 14 + -60?
-73
What is the value of 1 + 5 + -2 + (8 - 11 - (6 + 69))?
-74
Evaluate -173 + 171 - (5 + 24).
-31
Calculate 10 + (-19 - (-11 + -8)) + -7.
3
Evaluate -11 + (-14 + 6 + -10 - -28) + -11.
-12
What is the value of 9 - -2 - (32 - 15 - 28 - -87)?
-65
What is the value of 50 + -30 + -54 - (-10 - -19)?
-43
What is the value of 11 + (12 - -6) + 7 + (41 - 81)?
-4
Evaluate -132 + 29 + 58 + 76.
31
What is the value of -1 + -10 - (31 + (2 - 16) + -7)?
-21
What is the value of -309 + 168 + 158 + 1 + 42?
60
What is the value of (25 - 0) + 341 + -409 - (0 + -5 - 1)?
-37
Evaluate -18 + -4 + 5 + (-166 - -220) - -2.
39
Calculate -13 + 39 + -28 + 9 + -27.
-20
-1030 + 1054 - (-1 + 23)
2
What is 144 + -60 + (-41 - -5) + (2 - 7)?
43
Calculate 71 - (101 + -120 + 101).
-11
What is the value of -27 - (99 + -56 + -9)?
-61
40 + -22 + 41 + (10 - (23 - -10))
36
Calculate -191 - -131 - (-2 - 37).
-21
Evaluate (52 - -7) + (-80 - -95) - 39.
35
Evaluate -5 + -42 + (-27 - -29 - (18 + -9) - -8).
-46
What is -1 - (3 - (22 + -11 + -64 - -8))?
-49
Calculate (-1 - (10 + 0 + 1